 + -17 + 9 + 7.
3
2 + 8 + 4 - 18
-4
What is the value of (14 + -3 - 7) + (12 - (0 + 4))?
12
Evaluate 157 - 170 - (-40 - -3).
24
Calculate 3 - ((-1 - (-6 - -5) - -10) + -6).
-1
Calculate 20 + -8 + (-23 - 0).
-11
Calculate (-6 - -24 - 3) + -47 + 17.
-15
(0 - -3) + -32 + 13 + 43
27
What is (-300 - -282) + (2 - 0)?
-16
What is -25 - (12 - (25 + -10))?
-22
Evaluate (-4 - 4) + -2 + -9 - 6.
-25
What is the value of (-12 + -5 - -3) + 9?
-5
What is 4 + (-6 - -1) + (25 - 28)?
-4
Calculate (-6 + 0 - 1) + -8 + 3.
-12
-176 + 181 - (1 - (2 + -1)) - 2
3
10 + 4 + 3 + -8
9
12 + 4 + (-9 - 1)
6
Evaluate 14 + -22 - ((7 - 13) + 7).
-9
Calculate (4 - -10) + 24 + -22 + -9.
7
-52 + 42 - (9 - 35)
16
What is the value of 4 - 0 - (10 + (-12 - -8))?
-2
Evaluate -3 + (2 - 2 - 3 - (-4 + -2)).
0
Calculate 24 + -17 + -1 + (-1 - 4).
1
(-1 - (-3 + 14)) + 24
12
What is the value of (-1 + -6 - -1) + (-37 - (-30 + -19))?
6
Evaluate (-2 - (4 - -1)) + (-11 - (-1 - 13)).
-4
-29 + 30 + -29 + 5
-23
Calculate (-3 + 9 - (-19 + 24)) + 15.
16
(1 + (9 - 18) - -18) + -7 + -6
-3
Calculate 2 + (51 - 54) + (-2 - 0) + 6.
3
Calculate (-1 - 10 - (-66 - -66)) + 8.
-3
Calculate 1 + 1 + 1 - (69 - (-52 + 129)).
11
What is the value of 33 - 10 - (13 - 2)?
12
Calculate 7 - (20 - 0 - -8).
-21
Calculate -6 - (-6 + 3 + 2 + -5) - -9.
9
What is the value of (-10 - (-16 - -16)) + 1 + (-1 - 6)?
-16
What is the value of 12 + 2 + -11 - 5?
-2
6 + (3 + 1 - (-7 + 13))
4
3 + 4 + -15 + 4 - (1 - -1)
-6
Calculate -1 + 24 + -20 - (-11 - 3).
17
Calculate -4 + -6 - (-19 + 16).
-7
9 - (-10 + (29 - 5))
-5
Calculate 16 + (-9 - (4 - 10)) + (-15 - -8).
6
What is the value of 6 + -12 + -9 + 9 + -7?
-13
((15 - 10) + -19 - 3) + 49
32
What is (41 - 52) + (13 - -3)?
5
Evaluate 2 + -1 - (-6 + 13 + -6 + -11).
11
What is (-16 - (20 + -41)) + -13 + (-1 - -47)?
38
Calculate (-19 - -15) + (6 - 14).
-12
What is the value of (6 - (-4 + 14)) + 4?
0
What is the value of -1 + 10 + (-10 - 1 - -1) - 0?
-1
What is the value of -5 + (0 - (-2 - -5)) - (1 - -8)?
-17
What is 20 + -114 + 96 - (0 + (25 - 0))?
-23
What is the value of 22 - (-16 + (-3 + -2 - -12))?
31
18 + 5 + -9 + -3 + -6
5
Evaluate -97 - -92 - (0 + -1).
-4
What is -2 - ((43 - 46) + (2 - 2))?
1
What is the value of 21 + (-14 - 1 - (-85 + 86))?
5
What is 17 + -4 + -30 + 33?
16
Calculate 3 - (3 + (-31 - (4 + 1 + -13))).
23
Calculate (-5 - (-1 - 0)) + (77 - 73).
0
What is the value of -10 - (-2 + (-8 - -14) + -10)?
-4
What is the value of (-1 + -6 - (23 + -11 + -4)) + -2?
-17
What is -33 - (-41 + 21) - -42?
29
What is the value of -1 + -2 + -36 + -830 + 841?
-28
10 + (-10 - -7 - -10) - 8
9
Calculate 19 - (-7 + 1 + 30).
-5
Calculate (11 - -2) + (9 - (-14 + 25)).
11
(-10 - -1) + 8 + (-4 - -1)
-4
Evaluate -2 - (0 + 22 + (-7 - 3)).
-14
What is -1 - -1 - (5 - (-7 + 6 + 2))?
-4
What is (-1 - (-3 + 3)) + (-1 - -3) + -2?
-1
What is 14 - (2 + -3 - (-8 + 12 - 3))?
16
-19 + 4 + -4 + 23
4
-4 + 2 - (-101 - -94)
5
Evaluate -13 - -7 - (3 + -8 + -2).
1
Calculate -18 + (-12 - (-10 - (-15 + 11))).
-24
What is -27 - (17 - (-4 + (15 - -14)))?
-19
Evaluate 3 + -9 + -58 - -33.
-31
Calculate -8 - (60 + -29 + -29).
-10
Evaluate 62 + -67 - (2 + -15).
8
45 + -71 + 43 + -12
5
Evaluate 98 + -80 - (18 - -3).
-3
What is the value of -22 + 19 - -13 - (0 - 3 - -1)?
12
Calculate (1 - 4 - 14) + 5.
-12
What is (-205 - -189) + (35 - (-2 - -7))?
14
What is the value of (-1 - -2) + (5 - 15)?
-9
What is the value of (-33 - (-18 - 0)) + 13?
-2
Calculate -2 + 9 + 8 + -10 + -5.
0
What is -7 - (20 - (-9 + 10) - 3) - 7?
-30
Calculate 27 + (-22 - -32 - 15) + (2 - 6).
18
What is 7 + 3 + -12 - (-8 + -9)?
15
Calculate -8 - (-1 + -13 + 8 + 1).
-3
Calculate 8 - (19 - (16 - 0 - (0 - -7))).
-2
Calculate 16 + -15 + -1 + -7 + 5 + -2.
-4
Calculate (13 + 6 - 13) + (-1 - 9).
-4
Calculate 10 - 17 - -7 - -32.
32
What is (-3 - 0) + 6 + 0 + -35 + 24?
-8
What is -2 - (3 - 12) - 5 - 12?
-10
What is the value of (-3 - (-5 - 8) - 2) + 10?
18
Evaluate (-13 - -9) + 24 + -12.
8
Calculate -18 + 4 - (6 + (10 + -5 - 4)).
-21
What is -23 + 2 + (-1 - 0) + (20 - 12)?
-14
What is -2 + (6 + -2 - 7) + 11 + 10?
16
Evaluate (-7 - (-5 + (5 - 4))) + 0 + -15.
-18
What is the value of 388 - 405 - (-8 + 0)?
-9
What is the value of (22 - (-1 + 30)) + (-23 - -3)?
-27
What is the value of -49 + 86 - 12 - (1 + 9 + -1)?
16
What is the value of -23 + -12 - ((-40 - -31) + (3 - 1))?
-28
Evaluate 52 - (87 - 27) - ((1 - 31) + 1).
21
Evaluate 9 + (-4 + -4 - -9) + -9.
1
Calculate 2 + 1 + -13 + 6 + -11 + 0.
-15
What is -3 + 13 + (-15 - -8) + 0 + 6?
9
11 + -21 + 12 + -9 + (-1 - 3)
-11
What is (2 - -1) + (-203 - -193)?
-7
-11 + 3 + (11 - (13 - 5))
-5
Calculate -36 - -55 - 44 - (6 - 2 - -1).
-30
Evaluate -17 - (-5 + 3 + -26) - (-3 - -46).
-32
What is the value of 2 - 15 - -8 - (-9 + 2 - -3)?
-1
What is the value of -10 - ((-1 + -3 - -13) + -19)?
0
(5 - (-2 - (2 + 2 + -6))) + -12
-7
What is the value of 17 + -4 + -5 + 16?
24
Evaluate -28 - (-60 - -17) - 28.
-13
Evaluate (2 - 4) + (1 - (-9 - (-5 + -13))).
-10
What is the value of -15 - (-10 - -5) - -14?
4
-1 + 44 + 1073 + -1109
7
Evaluate 7 + (-5 - (1 + -4)) + 4 + 6.
15
What is the value of 1 + 12 - (77 - 79)?
15
Evaluate (-5 - (7 - 0)) + -12 - (0 + -2).
-22
(-12 - (-3 + -12)) + (-11 - 2)
-10
What is -14 - (-5 + 8 - (7 - 3))?
-13
Evaluate 5 + (8 - 2 - (-13 + 27)).
-3
Calculate 3 + 0 - (-1239 + 1225).
17
15 + -1 + (15 - 16)
13
Evaluate (-1 + 9 - (-1 + 3)) + 32 + -42.
-4
Evaluate 31 + 5 - (14 + -28 + 32).
18
Calculate 9 + (5 + -11 - -9 - 10).
2
Evaluate -8 - -11 - 20 - -4.
-13
Evaluate -18 + 10 + -24 - (2 + -8 + 4).
-30
What is the value of -23 - (16 + -29 - 11)?
1
Evaluate -1 + 1 - -6 - (22 - -7).
-23
What is -2 - (27 + (-10 - 0) - 8)?
-11
Evaluate 6 - (48 + -9 + -9) - -10.
-14
(-26 + 44 - 44) + 24
-2
Calculate 0 - 10 - (872 - 855).
-27
-8 + 13 - (35 + 1 - (-2 - -11))
-22
(2 - 1) + (-4 - 4)
-7
-20 - (-9 - (5 - 19) - 4 - -2)
-23
What is the value of 1 + 22 - (847 - 829)?
5
What is 4 + -7 + -2 - -5?
0
Calculate 7 + -2 - (10 - (1 - (-10 - -15))).
-9
(45 - 29 - -38) + -32
22
What is (-24 - -42) + 30 - (17 + -3)?
34
Evaluate -14 - ((-11 - 0) + (283 - 269)).
-17
(0 - 0) + 1 + 3 + (2320 - 2304)
20
-54 + 24 + -1 + 19 - 4
-16
Evaluate 8 - (-3 - -3 - (-3 + -3)).
2
What is 8 - (20 - (-19 + 27))?
-4
16 + -3 + -5 + -65 + 72
15
Evaluate 56 + (-26 + 24 - 30).
24
Evaluate -5 + 1 + 9 + -9 + -3 + -4.
-11
What is (6 - -3) + (-5 - (-4 + -4) - 1)?
11
What is the value of -16 - (8 - 10) - -3?
-11
Calculate -4 + 19 + 4 + -21.
-2
Calculate 11 - (8 + 14 + -27 - (1 - 0)).
17
Evaluate -1 + -2 + -110 + 101.
-12
What is -9 + (18 - (-11 - -19))?
1
What is 6 + -2 - (2 + 0) - 12 - -29?
19
(-20 - -27) + (-42 - -11)
-24
What is (-1 - (-6 - -29) - -19) + (-15 - -2)?
-18
Evaluate -190 + 203 + (-6 - -4).
11
Calculate -4 + 2 + (8 - (25 + -13)).
-6
What is the value of 1 + 8 + 1 - (4597 + -4607)?
20
39 - 42 - (-6 - (-4 + 0 - 22))
-23
What is 12 + (-4 + -19 - -13) + -18?
-16
What is (-8 - -4 - 1) + (1 - 5)?
-9
4 - (2 + 23) - (-3 - -3)
-21
-10 + (22 + -30 - -19)
1
(2 - 0) + (51 - 74)
-21
Evaluate 2 + (35 - 49 - (-2 - 5)).
-5
Evaluate (-18 - -21) + (0 + -30 - (92 - 95)).
-24
What is 0 + -10 + 2 + -55 + -16 + 103?
24
2 - (-14 + 9 + -6)
13
What is -13 - (-2 + (13 - 24))?
0
1 + -4 + -219 + 226
4
What is -8 + 0 + -166 + 157?
-17
Evaluate -5 - (-28 + (-4 + -1 - (12 + -23))).
17
Evaluate 9 + -9 + (2 - 1) - 0.
1
Calculate (1 - -4 - (18 + -9 - 1)) + -6.
-9
(0 - (-5 - (-18 - -5))) + 18
10
13 + 5 + -9 + 3 + 1
13
Evaluate -49 + 25 - (-15 - -18).
-27
Evaluate -2 + (-8 - -11) + -4 + 3.
0
Calculate -8 - ((-21 - -7) + -2).
8
197 + -194 - (-2 + 1) - 7
-3
4 + -1 + 0 + -36 + (-3 - -12)
-24
Evaluate 41 - (-3 - (-6 - 8 - (1 + -3))).
32
8 + (-1 + 2 - (-68 + 70)) + -6
1
What is 18 - 1 - (258 - 258) - 21?
-4
Calculate 22 - (-18 - (8 - (34 + -9))).
23
What is the value of (13 - 21) + -9 + 11?
-6
Calculate (6 - -29) + -33 + 23 + 1.
26
What is -8 - 1 - -5 - (113 + -128)?
11
Evaluate -7 + (9 - (-20 + 23)).
-1
Calculate -63 + (16 - (25 - 36)).
-36
Calculate -5 - (-7 + -1 + 1 - (43 + -34)).
11
Evaluate -4 - (15 - 27) - (28 + -43).
23
Calculate 5 + (-1 - (-3 + -5)) + -5 + 6.
13
0 + (-11 - (9 - 3)) + 8
-9
Calculate 8 - (8 + 0 - (15 - (1 - 1))).
15
Calculate 10 + -5 + -6 + (37 - 46).
-10
Calculate -33 + 11